 r = z - 750. Calculate the highest common divisor of r and 189.
27
Let t(w) = 115*w**2 - 744*w + 2232. Let u be t(3). What is the greatest common factor of 99 and u?
9
Let n be 101/3 - (-6)/(-9). Let v(t) = 2*t**3 + 13*t**2 - 14*t - 27. Let h be v(7). Let q = 1220 - h. What is the highest common factor of q and n?
11
Let d = 3731 - -2233. What is the greatest common divisor of d and 84?
84
Suppose -54*u - 25*u = -790. Suppose -1444 = -2*i + 4*t, 2*t - 2581 - 1077 = -5*i. What is the greatest common divisor of u and i?
10
Let d = -114 + 127. Let k(q) = q**2 - 36. Let x be k(d). What is the greatest common factor of x and 19?
19
Let c be 11/(561/6) + 114/(-102). Let i(v) = 287*v**2 + 2*v + 1. Let s be i(c). What is the greatest common factor of 26 and s?
26
Let r(d) = 11*d + 3. Let m be r(3). Let y = m + 99. Suppose 4*g + 5*p - 211 = 0, 558*g - 561*g - 3*p = -159. What is the highest common factor of g and y?
27
Let t be 1080/(-528)*-33*-2*(-4)/6. Calculate the greatest common factor of 8820 and t.
90
Suppose 605 = 5*m - 5*j, -m - m + 237 = -3*j. Let s = m - 266. Let b = s - -210. Calculate the highest common factor of 14 and b.
14
Let f = -19 + 19. Suppose 5*r + 2*b = 180, f = -4*r + 6*r + b - 73. Let v be ((-34)/5)/(2/(-5)). What is the highest common factor of r and v?
17
Let w(m) = -m**2 + 9*m + 12. Let j be w(10). Suppose -3*y + j*x = -y - 34, 2 = -x. What is the highest common divisor of y and 210?
15
Let c = 35 + -18. Let d = 19 - c. Let i be 47 - d - (9 - 6). Calculate the greatest common factor of 21 and i.
21
Let p be 3/((-76)/20 + 4). Let k be 10/(1 + p/(-21)). Let u be 7/1*(10 + -9). What is the highest common factor of u and k?
7
Let w = -9 + 23. Suppose -53 = -w*o + 13*o. Let p = o - -21. Calculate the greatest common factor of 37 and p.
37
Let r = -7317 - -7872. Calculate the highest common divisor of 75 and r.
15
Let v = -345 + 347. Let f be (10/(-7))/(v*2/(-56)). Calculate the highest common factor of f and 340.
20
Let k be 725 + 0/(-1 - -3). Suppose -5*j + k = -2*h, 0 = -2*h - h. Let t = 1940 - 1911. What is the highest common divisor of t and j?
29
Suppose 14*f - 12*f + 660 = 0. Let v = 1673 + f. Calculate the greatest common divisor of 79 and v.
79
Suppose 5*y = 2*y + 9. Suppose -y*k - 44 = -5*k. Suppose -4*o = -k - 6. What is the greatest common divisor of o and 28?
7
Let x(w) = 4*w**2 - 39*w - 880. Let i be x(-16). Calculate the greatest common factor of 120 and i.
24
Suppose 4*h + 39458 + 21045 = 3*u, -4*u - 3*h + 80679 = 0. What is the highest common divisor of u and 249?
249
Suppose -259*b + 23780 = 241*b - 480*b. What is the highest common factor of 451 and b?
41
Let x(i) = i**3 - 24*i**2 + 18*i + 68. Let t be x(22). Let j be (t/(-30))/((-2)/(80/(-3))). Calculate the greatest common divisor of 7 and j.
7
Let n be 1 - (5 - -1) - -2. Let t = 14 + n. Let u be -18 - 81909/(-589) - (2/31 - 0). What is the greatest common divisor of u and t?
11
Let h = 154 + 404. What is the highest common divisor of h and 62?
62
Suppose -2*o - 2*o + 120 = -5*u, -o + 51 = 4*u. Suppose o*l - 255 = 30*l. Calculate the highest common factor of l and 68.
17
Suppose -j + 5*k = -32, 0 = 160*j - 158*j + 2*k - 52. Calculate the highest common divisor of j and 11961.
27
Suppose -920*i + 589*i + 52960 = 0. Calculate the highest common factor of i and 3008.
32
Suppose 54*m + 16775 - 66455 = 0. Calculate the greatest common divisor of m and 115.
115
Let k = 1007 + -992. What is the highest common divisor of 960 and k?
15
Let y be (-17)/(1836/(-3948)) - -13 - (-4)/9. What is the greatest common divisor of y and 10030?
10
Let b(a) = -17*a - 4. Let j be b(1). Let s = j - 12. Let v = -17 - s. Calculate the greatest common factor of v and 12.
4
Let y(k) = -9*k - 3. Let n be y(-3). Let c(i) = 35*i - 49. Let l be c(-16). Let z = -393 - l. What is the greatest common divisor of n and z?
24
Let j be 297 - (0/2 - -1). Let a(m) = -8578*m + 171568. Let d be a(20). Calculate the highest common factor of j and d.
8
Let g be (12/5)/(2/180). Let i(z) = -44*z**3 - 217*z**2 + 10*z - 1. Let y be i(-5). What is the highest common factor of y and g?
24
Suppose -5*c + 14*h - 9*h + 60 = 0, 0 = -5*c + 4*h + 55. Let q be 4 + (1 - c) + 20. What is the greatest common factor of q and 1458?
18
Suppose -58*t + 37*t = -336. Calculate the highest common divisor of t and 18.
2
Let z be (-9135)/(-5)*(-9)/(-27). Suppose -v + 2*n - 606 = -3*v, 2*v - z = -n. Calculate the greatest common divisor of v and 34.
34
Let q(y) = 8*y - 1. Let z be q(2). Let l(g) = 69*g - 249. Let b be ((-12)/5)/(12/(-30)). Let x be l(b). Calculate the greatest common factor of x and z.
15
Suppose -124*h - 768 = -130*h. Suppose 4*g + d = -2*d + 165, 0 = 3*g - 2*d - h. Suppose 3*k - 210 = k. Calculate the highest common divisor of g and k.
21
Let o be 57 + -57 + (1 - 1). Suppose 5*p = -10, o = 5*l - 7*p + 8*p - 48. What is the highest common factor of 10 and l?
10
Suppose -5*n - 5*l = -930, -2*l + 5*l = n - 178. Let x(h) = -8*h - 3. Let a be x(-3). Let f = a + 2. What is the greatest common factor of f and n?
23
Let s = -5 + 13. Let t(y) = 12*y + 16. Let r be t(s). Suppose 16*l - 57 = 13*l + 5*i, l + 3*i - 5 = 0. What is the highest common factor of r and l?
14
Let l = 1906 - 1902. Suppose -8*u + 3*u = -110. Suppose -c = -u - 10. What is the greatest common factor of l and c?
4
Let g(v) = -20*v - 126. Let l be g(-8). Let c(b) = -25*b - 28. Let x be c(-12). What is the greatest common divisor of l and x?
34
Suppose 292*t - 56030 = 283*t + 6799. What is the highest common divisor of t and 78?
39
Let h be 12*(-3)/12*(-4 + (-8)/(-6)). Calculate the highest common factor of 4696 and h.
8
Let u(f) = -3*f**3 + 34*f**2 - 14*f - 86. Let a be u(10). What is the greatest common divisor of a and 17574?
174
Suppose -1 = t, r + 4*t = -3 + 29. Let v = -1052 - -1517. What is the highest common factor of r and v?
15
Let l = -652 - -666. Let f be (14*-5)/(2/(-2)). Calculate the highest common divisor of f and l.
14
Suppose -g + q = -135, 9*g - 2*q - 1250 = -0*q. Calculate the highest common factor of g and 30.
10
Suppose 36*o = 9*o + 18596 + 18124. Calculate the greatest common divisor of 560 and o.
80
Let b(h) = h**2 - 99*h - 14. Let d be b(-7). Calculate the greatest common factor of d and 65.
13
Let r be (-6)/3*(11105/(-90) - 5/45). Calculate the highest common divisor of r and 416.
13
Let z be 1 - (-15 + -194) - 18. Calculate the greatest common divisor of z and 744.
24
Let j be 4/18 + 225/81. Suppose 4*r - 4*w = -w + 135, -3*r + j*w = -105. Suppose -40 = -279*p + 275*p. Calculate the highest common divisor of r and p.
10
Let q(p) be the first derivative of p**3 + 17*p**2/2 + 4*p + 76. Let r be q(-12). Calculate the greatest common factor of r and 87.
29
Let d = 6239 - 6198. Calculate the highest common divisor of d and 2501.
41
Let s = -229 + 229. Suppose s = -4*x - i + 157, 0 = -x + 3*x + 3*i - 71. Calculate the highest common factor of 360 and x.
40
Suppose 36 = 4*c + 2*c. Suppose -31*s = -28*s - c. Suppose -2*x - 4 = 0, 45 - 8 = 3*g - s*x. What is the greatest common divisor of g and 99?
11
Let k(o) = o**2 - 5*o + 2. Let i be k(8). Suppose -50*u + 23*u = -702. What is the highest common factor of u and i?
26
Let l = -4047 - -7097. Calculate the greatest common divisor of 122 and l.
122
Suppose -1014*t + 4134 = -1011*t. Calculate the greatest common divisor of t and 91.
13
Let i(d) = 78*d + 395. Let u be i(-5). Suppose 0*k = -4*k + 8, 5*b + u*k = 110. Calculate the highest common divisor of 16 and b.
4
Let g(m) = -11*m + 2. Let r be g(-5). Let x = 19 - -90. Let a = -71 + x. Calculate the greatest common divisor of a and r.
19
Let n be (-2)/((-3)/21*2). Suppose -n*c + 21 = -6*c. Let i = 74 + -53. What is the greatest common divisor of i and c?
21
Let c(z) = 23*z - 424. Let u(s) = 8*s - 142. Let v(o) = -2*c(o) + 7*u(o). Let y be v(20). What is the highest common factor of 162 and y?
54
Let g(h) = h**3 - 17*h**2 + 34*h - 39. Suppose -8 = -2*q - 3*l + 22, 0 = -4*l. Let o be g(q). Calculate the greatest common divisor of 189 and o.
21
Let p be (9/3)/(6/20). Suppose 3*k - 4*d - 1087 = 1855, -4882 = -5*k + 4*d. What is the highest common divisor of k and p?
10
Let l = 1 + -2. Let d be 342/6 + -1*(-2)/l. Let z = d - -77. What is